to base 10.
0
What is 1 (base 9) in base 2?
1
96 (base 14) to base 3
11220
Convert 27 (base 12) to base 16.
1f
Convert 2 (base 15) to base 14.
2
What is -3 (base 13) in base 3?
-10
What is -1b (base 12) in base 5?
-43
What is -2 (base 16) in base 12?
-2
What is -1113 (base 6) in base 15?
-126
6 (base 12) to base 7
6
What is 2 (base 8) in base 2?
10
26 (base 10) to base 14
1c
-18 (base 10) to base 6
-30
Convert -32 (base 16) to base 2.
-110010
Convert -10132 (base 4) to base 7.
-556
161 (base 11) to base 3
20222
What is -5 (base 10) in base 3?
-12
-8 (base 9) to base 13
-8
Convert 31 (base 11) to base 12.
2a
Convert 11 (base 6) to base 7.
10
Convert -1 (base 13) to base 11.
-1
8 (base 9) to base 16
8
12 (base 7) to base 2
1001
What is -10011000 (base 2) in base 12?
-108
Convert 4 (base 7) to base 6.
4
-118 (base 9) to base 2
-1100010
What is -15 (base 6) in base 13?
-b
-17 (base 11) to base 4
-102
What is -2 (base 16) in base 10?
-2
What is -90 (base 12) in base 2?
-1101100
What is 2 (base 7) in base 16?
2
Convert 3 (base 7) to base 4.
3
What is -253 (base 7) in base 10?
-136
Convert 0 (base 14) to base 11.
0
-11120 (base 3) to base 13
-96
12 (base 15) to base 4
101
What is -1 (base 13) in base 5?
-1
2 (base 15) to base 9
2
Convert -1222 (base 3) to base 4.
-311
What is -1000000 (base 2) in base 10?
-64
13 (base 7) to base 11
a
-20 (base 7) to base 4
-32
-6 (base 12) to base 4
-12
What is 74 (base 10) in base 13?
59
What is 7 (base 15) in base 10?
7
0 (base 9) to base 3
0
What is 7 (base 10) in base 14?
7
What is -141 (base 9) in base 16?
-76
What is -4 (base 10) in base 7?
-4
Convert -11 (base 4) to base 15.
-5
-3 (base 14) to base 15
-3
Convert 29 (base 14) to base 7.
52
3 (base 15) to base 16
3
-89 (base 14) to base 2
-1111001
Convert b (base 13) to base 9.
12
-3 (base 10) to base 13
-3
Convert -13 (base 4) to base 6.
-11
Convert 4 (base 13) to base 2.
100
Convert 5 (base 13) to base 5.
10
-3 (base 8) to base 4
-3
What is -17 (base 10) in base 9?
-18
2 (base 5) to base 2
10
-2 (base 10) to base 3
-2
-1 (base 2) to base 6
-1
3 (base 4) to base 2
11
211 (base 3) to base 4
112
-4 (base 8) to base 3
-11
What is 0 (base 3) in base 7?
0
-1 (base 5) to base 6
-1
Convert -59 (base 12) to base 6.
-153
Convert 23 (base 16) to base 14.
27
Convert a (base 11) to base 14.
a
Convert -322 (base 4) to base 2.
-111010
What is 3 (base 5) in base 9?
3
What is -11 (base 7) in base 13?
-8
-113 (base 6) to base 13
-36
Convert -c (base 13) to base 5.
-22
Convert 6 (base 13) to base 4.
12
Convert 1 (base 9) to base 12.
1
3 (base 14) to base 15
3
Convert 129 (base 16) to base 3.
102000
What is 0 (base 11) in base 13?
0
What is 4 (base 10) in base 9?
4
Convert 5 (base 12) to base 13.
5
What is -18 (base 10) in base 13?
-15
What is -18 (base 9) in base 13?
-14
What is 104 (base 5) in base 15?
1e
What is 36 (base 14) in base 8?
60
Convert 17 (base 12) to base 16.
13
1 (base 7) to base 8
1
What is -5 (base 7) in base 8?
-5
Convert 4 (base 9) to base 14.
4
What is -2 (base 15) in base 16?
-2
What is -10 (base 10) in base 2?
-1010
What is 321 (base 4) in base 11?
52
0 (base 15) to base 4
0
What is -16 (base 7) in base 13?
-10
Convert 0 (base 14) to base 16.
0
Convert -2 (base 4) to base 11.
-2
What is -14 (base 5) in base 4?
-21
44 (base 5) to base 6
40
Convert -355 (base 6) to base 12.
-bb
7 (base 11) to base 8
7
-3 (base 9) to base 14
-3
7 (base 8) to base 4
13
Convert -133 (base 7) to base 15.
-4d
5 (base 7) to base 6
5
-1000010 (base 2) to base 8
-102
What is 110100 (base 2) in base 6?
124
Convert 6 (base 14) to base 10.
6
2 (base 16) to base 12
2
Convert -20121 (base 3) to base 16.
-b2
Convert -38 (base 11) to base 7.
-56
-135 (base 11) to base 16
-9f
-2 (base 13) to base 5
-2
What is -66 (base 16) in base 9?
-123
24 (base 5) to base 11
13
What is 11 (base 6) in base 16?
7
Convert 67 (base 15) to base 16.
61
What is -32 (base 14) in base 6?
-112
Convert -13 (base 9) to base 12.
-10
What is 8 (base 9) in base 16?
8
26 (base 9) to base 3
220
What is -304 (base 5) in base 16?
-4f
Convert -18 (base 12) to base 8.
-24
Convert 1100101 (base 2) to base 5.
401
-224 (base 10) to base 5
-1344
-3 (base 12) to base 5
-3
-2 (base 8) to base 15
-2
What is 12 (base 9) in base 16?
b
12 (base 5) to base 6
11
Convert -3 (base 4) to base 6.
-3
Convert 20 (base 3) to base 9.
6
Convert 87 (base 14) to base 16.
77
100 (base 2) to base 4
10
Convert -221 (base 3) to base 14.
-1b
What is -2 (base 5) in base 15?
-2
-6 (base 12) to base 11
-6
What is 17 (base 11) in base 10?
18
-5 (base 15) to base 14
-5
Convert 53 (base 8) to base 16.
2b
What is 12 (base 3) in base 5?
10
3 (base 4) to base 12
3
23 (base 5) to base 11
12
What is -7 (base 12) in base 14?
-7
Convert 33 (base 7) to base 11.
22
What is 15 (base 14) in base 4?
103
What is -5 (base 7) in base 14?
-5
Convert 25 (base 9) to base 7.
32
-48 (base 13) to base 6
-140
What is -59 (base 16) in base 12?
-75
-105 (base 8) to base 13
-54
What is -1a (base 15) in base 6?
-41
Convert 20 (base 7) to base 11.
13
What is -11 (base 16) in base 15?
-12
Convert -101100 (base 2) to base 4.
-230
Convert -10 (base 4) to base 5.
-4
Convert -108 (base 10) to base 11.
-99
What is 1b (base 13) in base 4?
120
What is 0 (base 12) in base 3?
0
Convert 2022 (base 4) to base 12.
b6
What is 331 (base 6) in base 16?
7f
Convert 12 (base 5) to base 16.
7
Convert -101010100 (base 2) to base 12.
-244
-10 (base 15) to base 11
-14
What is -4 (base 11) in base 8?
-4
Convert -7 (base 15) to base 5.
-12
-30 (base 5) to base 12
-13
2 (base 4) to base 9
2
Convert -41 (base 7) to base 13.
-23
Convert -10000010 (base 2) to base 9.
-154
What is 0 (base 12) in base 14?
0
Convert a (base 16) to base 6.
14
What is -33 (base 4) in base 2?
-1111
What is -4 (base 15) in base 14?
-4
3 (base 12) to base 14
3
What is -120 (base 7) in base 11?
-58
What is 9 (base 10) in base 16?
9
-66 (base 15) to base 9
-116
Convert -34 (base 5) to base 3.
-201
What is -2 (base 7) in base 14?
-2
What is 1 (base 2) in base 9?
1
Convert -5 (base 16) to base 13.
-5
Convert 4 (base 11) to base 8.
4
Convert a (base 11) to base 14.
a
What is -b (base 12) in base 5?
-21
What is 130 (base 4) in base 7?
40
Convert -2 (base 10) to base 9.
-2
What is -18 (base 14) in base 5?
-42
What is -3 (base 16) in base 5?
-3
3130 (base 4) to base 13
13c
Convert -100 (base 3) to base 2.
-1001
Convert 166 (base 11) to base 12.
141
Convert -3 (base 7) to base 8.
-3
What is -c (base 13) in base 4?
-30
-11102 (base 4) to base 15
-178
What is 1321 (base 4) in base 12?
a1
What is -101100 (base 2) in base 12?
-38
Convert -2020 (base 4) to base 12.
-b4
1 (base 4) to base 7
1
Convert -26 (base 8) to base 12.
-1a
What is -164 (base 10) in base 4?
-2210
Convert 42 (base 10) to base 11.
39
Convert -131 (base 6) to base 8.
-67
Convert -54 (base 16) to base 8.
-124
-4 (base 5) to base 12
-4
What is -211 (base 9) in base 11?
-147
123 (base 4) to base 5
102
What is -9 (base 14) in base 4?
-21
-b (base 15) to base 12
-b
2 (base 5) to base 8
2
What is -11c (base 14) in base 4?
-3132
What is -3 (base 8) in base 11?
-3
Convert 16 (base 14) to base 9.
22
What is 1 (base 6) in base 3?
1
What is 5 (base 14) in base 2?
101
What is 11 (base 11) in base 2?
1100
Convert 453 (base 7) to base 16.
ea
2 (base 3) to base 8
2
What is 51 (base 10) in base 16?
33
What is c (base 16) in base 9?
13
Convert 21 (base 3) to base 12.
7
What is 1000 (base 2) in base 7?
11
274 (base 9) to base 16
e5
3 (base 13) to base 7
3
What is 9d (base 15) in base 3?
12111
-2 (base 3) to base 10
-2
What is -334 (base 8) in base 16?
-dc
-100202 (base 3) to base 9
-322
-22 (base 9) to base 6
-32
-221 (base 3) to base 13
-1c
Convert -45 (base 11) to base 10.
-49
What is -22 (base 11) in base 8?
-30
Convert 0 (base 13) to base 5.
0
What is 11 (base 3) in base 8?
4
What is 1001 (base 2) in base 15?
9
2 (base 13) to base 15
2
-2 (base 9) to base 15
-2
Convert 66 (base 7) to base 2.
110000
b (base 15) to base 4
23
What is -1 (base 8) in base 13?
-1
Convert -317 (base 9) to base 4.
-10003
What is -33 (base 12) in base 15?
-29
Convert -44 (base 12) to base 11.
-48
Convert 7 (base 15) to base 13.
7
Convert -35 (base 8) to base 4.
-131
Convert -d (base 14) to base 3.
-111
-2 (base 10) to 